97 divide 917864?
True
Does 11 divide 12305238?
True
Does 39 divide 46726?
False
Is 10488 even?
True
Is 3185265 a multiple of 16?
False
Is 11 a factor of 237333?
False
Is 1262 a factor of 2065061?
False
Is 1112027 a multiple of 378?
False
Is 468 a factor of 771850?
False
Is 57808 a multiple of 11?
False
Is 15819778 a multiple of 334?
False
Is 2224164 a multiple of 1706?
False
Is 416 a factor of 217568?
True
Does 37 divide 13320?
True
Is 119280 a multiple of 42?
True
Is 31 a factor of 2691765?
False
Is 105397 a multiple of 3?
False
Is 1052 a factor of 727383?
False
Is 7 a factor of 2147089?
True
Does 19 divide 257522?
False
Does 19 divide 73291?
False
Is 98184 a multiple of 153?
False
Does 232 divide 1251872?
True
Is 1231290 a multiple of 45?
True
Is 246 a factor of 148822?
False
Is 54 a factor of 4834998?
True
Is 22676 a multiple of 49?
False
Is 9195444 a multiple of 243?
False
Does 297 divide 1508166?
True
Is 249245 a multiple of 7?
False
Is 45059 a multiple of 41?
True
Is 1303718 a multiple of 82?
True
Is 1330863 a multiple of 177?
True
Is 17 a factor of 6937615?
True
Is 28 a factor of 199024?
True
Does 270 divide 216000?
True
Is 153 a factor of 2037610?
False
Does 324 divide 2074138?
False
Is 44 a factor of 84568?
True
Is 62679 a multiple of 450?
False
Is 40133 a multiple of 23?
False
Is 13 a factor of 18863?
True
Is 116440 a multiple of 82?
True
Is 10 a factor of 67510?
True
Is 46 a factor of 415160?
False
Is 310844 a multiple of 106?
False
Is 16321037 a multiple of 731?
True
Is 11 a factor of 20408501?
False
Is 54559 a multiple of 2?
False
Does 21 divide 57264?
False
Is 530508 a multiple of 44?
True
Is 572 a factor of 3057560?
False
Does 97 divide 1121433?
False
Does 22 divide 564212?
True
Is 84 a factor of 98833?
False
Does 25 divide 321475?
True
Does 895 divide 5027573?
False
Is 507869 a multiple of 132?
False
Does 46 divide 413632?
True
Is 4 a factor of 22156?
True
Is 13 a factor of 141115?
True
Is 70354 a multiple of 16?
False
Is 1916413 a multiple of 481?
False
Is 697 a factor of 668289?
False
Is 121844 a multiple of 117?
False
Does 660 divide 1290960?
True
Is 668389 a multiple of 23?
False
Does 23 divide 3838748?
False
Does 182 divide 418600?
True
Does 5 divide 120980?
True
Does 36 divide 5472?
True
Is 529920 a multiple of 72?
True
Is 37 a factor of 2530726?
True
Does 31 divide 121148?
True
Is 217 a factor of 564121?
False
Is 94 a factor of 615512?
True
Is 565 a factor of 498072?
False
Is 52030 a multiple of 5?
True
Does 353 divide 1311748?
True
Does 895 divide 9340220?
True
Is 6 a factor of 29490?
True
Does 296 divide 98790?
False
Is 12 a factor of 36424?
False
Does 17 divide 2043655?
True
Is 2 a factor of 50530?
True
Is 12 a factor of 2721043?
False
Is 229 a factor of 5049?
False
Is 22369845 a multiple of 15?
True
Is 169213 a multiple of 11?
True
Does 50 divide 237150?
True
Does 8 divide 43400?
True
Is 18 a factor of 1757034?
True
Is 208 a factor of 27022?
False
Is 33 a factor of 1963401?
True
Is 245802 a multiple of 321?
False
Does 32 divide 703456?
True
Is 2295612 a multiple of 51?
True
Is 252622 a multiple of 597?
False
Is 31 a factor of 2388891?
True
Is 4 a factor of 693781?
False
Is 141805 a multiple of 395?
True
Is 1077876 a multiple of 758?
True
Is 21 a factor of 53526?
False
Is 1751683 a multiple of 132?
False
Is 442 a factor of 1189422?
True
Does 94 divide 4800?
False
Is 46 a factor of 9845746?
False
Does 21 divide 140784?
True
Is 102 a factor of 7405914?
True
Is 7 a factor of 2639?
True
Does 47 divide 7614?
True
Is 23 a factor of 17722?
False
Is 152 a factor of 198835?
False
Is 2329612 a multiple of 99?
False
Is 16074 a multiple of 141?
True
Is 550483 a multiple of 543?
False
Is 23 a factor of 51609?
False
Is 792982 a multiple of 34?
True
Is 7 a factor of 8012966?
False
Is 125730 a multiple of 33?
True
Does 16 divide 1854816?
True
Is 917369 a multiple of 21?
False
Is 23 a factor of 22746854?
False
Is 41 a factor of 521028?
True
Is 35799 a multiple of 2?
False
Is 14 a factor of 82278?
True
Does 14 divide 12684?
True
Does 45 divide 312300?
True
Is 106600 a multiple of 11?
False
Is 48 a factor of 101040?
True
Is 55632 a multiple of 48?
True
Does 273 divide 151788?
True
Does 47 divide 5836084?
True
Is 9 a factor of 109215?
True
Does 1460 divide 4896840?
True
Is 25278 a multiple of 136?
False
Does 1187 divide 7075796?
False
Does 22 divide 94336?
True
Is 364 a factor of 1205629?
False
Is 13992 a multiple of 318?
True
Does 63 divide 204819?
False
Is 930741 a multiple of 216?
False
Is 98032 a multiple of 11?
True
Is 4158 a multiple of 7?
True
Does 15 divide 1335420?
True
Does 24 divide 1394717?
False
Is 189624 a multiple of 8?
True
Is 25 a factor of 1032197?
False
Is 102772 a multiple of 25?
False
Does 71 divide 5745574?
False
Is 56 a factor of 26259?
False
Is 1419181 a multiple of 214?
False
Is 127154 a multiple of 111?
False
Is 12 a factor of 209724?
True
Is 12 a factor of 66744?
True
Is 289 a factor of 3542262?
False
Is 59775 a multiple of 10?
False
Does 14 divide 376034?
False
Is 29 a factor of 24070?
True
Does 2431 divide 18891133?
False
Does 43 divide 1633355?
True
Is 116 a factor of 414626?
False
Is 90 a factor of 1454220?
True
Is 14 a factor of 438284?
True
Is 330022 a multiple of 77?
True
Does 309 divide 1427972?
False
Is 76 a factor of 28652?
True
Is 146679 a multiple of 13?
True
Does 13 divide 121485?
True
Is 105264 a multiple of 102?
True
Is 6086840 a multiple of 5?
True
Does 7 divide 9156275?
False
Is 131 a factor of 1902172?
False
Does 28 divide 3613792?
True
Is 388 a factor of 18238328?
True
Is 12 a factor of 265332?
True
Is 2096150 a multiple of 226?
True
Is 37 a factor of 263449?
False
Is 660621 even?
False
Is 528240 a multiple of 186?
True
Is 558561 a multiple of 101?
False
Is 5299812 a multiple of 773?
False
Is 21 a factor of 291312?
True
Is 110 a factor of 7071460?
True
Does 119 divide 1386833?
False
Does 24 divide 2945079?
False
Is 79968 a multiple of 48?
True
Is 250991 a multiple of 13?
True
Is 102463 a multiple of 30?
False
Is 22 a factor of 39798?
True
Is 9340310 a multiple of 23?
False
Is 5 a factor of 239550?
True
Is 87031 a multiple of 46?
False
Is 989190 a multiple of 1305?
True
Does 176 divide 192918?
False
Is 53 a factor of 122854?
True
Is 366924 a multiple of 318?
False
Does 305 divide 331840?
True
Is 29 a factor of 735335?
False
Does 1169 divide 22994703?
False
Is 44 a factor of 7715928?
True
Does 2 divide 5607?
False
Does 24 divide 338502?
False
Does 76 divide 7083620?
False
Is 15 a factor of 434215?
False
Is 742056 a multiple of 147?
True
Is 92142 a multiple of 6?
True
Does 37 divide 13513251?
True
Does 19 divide 705383?
False
Is 5425888 a multiple of 32?
True
Does 30 divide 166230?
True
Is 21 a factor of 268506?
True
Is 83076 a multiple of 161?
True
Is 100 a factor of 25728?
False
Does 3 divide 50403?
True
Does 8 divide 383658?
False
Does 44 divide 169337?
False
Is 7 a factor of 701139?
False
Does 130 divide 4348370?
True
Is 17 a factor of 230488?
False
Does 428 divide 918607?
False
Is 318 a factor of 1844363?
False
Does 19 divide 571394?
False
Is 64 a factor of 3297804?
False
Does 223 divide 2644531?
False
Does 25 divide 109580?
False
Is 3615856 a multiple of 674?
False
Does 450 divide 3217500?
True
Is 23 a factor of 4107209?
False
Is 2008866 a multiple of 107?
False
Does 26 divide 6702306?
True
Is 8 a factor of 210704?
True
Is 114 a factor of 1266263?
False
Is 247643 a multiple of 517?
True
Is 11 a factor of 2595939?
False
Is 79677 a multiple of 100?
False
Is 88707 even?
False
Does 236 divide 283854?
False
Is 1418129 a multiple of 125?
False
Is 82362 a multiple of 222?
True
Is 4 a factor of 799891?
False
Does 1417 divide 3983187?
True
Does 740 divide 4786230?
False
Is 7444686 a multiple of 1092?
False
Does 12 divide 16764?
True
Is 7 a factor of 1366337?
True
Is 604748 a multiple of 176?
False
Does 6 divide 17054?
False
Does 16 divide 437815?
False
Is 275421 a multiple of 5?
False
Is 4 a factor of 2899?
False
Is 1583121 a multiple of 46?
False
Is 6 a factor of 79446?
True
Is 31 a factor of 11966?
True
Does 106 divide 213908?
True
Is 5061537 a multiple of 13?
True
Is 99 a factor of 777249?
True
Is 234790 a multiple of 443?
True
Is 21 a factor of 3136407?
False
Is 232 a factor of 1107399?
F